496 and 836.
44
Calculate the highest common factor of 576 and 5888.
64
Calculate the highest common divisor of 28 and 1568.
28
What is the greatest common divisor of 69 and 42711?
69
What is the highest common divisor of 79 and 71416?
79
What is the highest common divisor of 5 and 235?
5
Calculate the greatest common factor of 364 and 104.
52
Calculate the highest common divisor of 77 and 11473.
77
Calculate the greatest common divisor of 39 and 546.
39
What is the greatest common factor of 34 and 918?
34
What is the greatest common factor of 38 and 1862?
38
What is the highest common divisor of 893 and 19?
19
What is the highest common divisor of 205 and 5?
5
Calculate the highest common divisor of 4 and 8.
4
What is the greatest common divisor of 576 and 1692?
36
Calculate the greatest common factor of 243 and 27.
27
What is the greatest common divisor of 102 and 255?
51
Calculate the greatest common divisor of 216 and 54.
54
Calculate the greatest common divisor of 72 and 1176.
24
What is the highest common factor of 2305 and 45?
5
What is the greatest common divisor of 338 and 52?
26
What is the greatest common factor of 52 and 3172?
52
Calculate the highest common divisor of 270 and 1440.
90
What is the highest common factor of 975 and 455?
65
What is the highest common divisor of 84 and 480?
12
Calculate the highest common factor of 678 and 24.
6
What is the greatest common factor of 2 and 72?
2
Calculate the highest common divisor of 3 and 483.
3
Calculate the greatest common divisor of 695 and 10.
5
What is the highest common divisor of 160 and 45?
5
Calculate the highest common factor of 4077 and 81.
27
What is the highest common factor of 6 and 174?
6
Calculate the highest common divisor of 56 and 14.
14
Calculate the highest common divisor of 44 and 44.
44
Calculate the greatest common factor of 67 and 536.
67
What is the greatest common divisor of 76 and 1482?
38
What is the greatest common factor of 1782 and 66?
66
Calculate the highest common divisor of 630 and 720.
90
Calculate the highest common divisor of 48 and 1320.
24
Calculate the greatest common factor of 62 and 16151.
31
What is the greatest common factor of 1209 and 26?
13
What is the highest common factor of 195 and 312?
39
What is the highest common divisor of 30 and 6290?
10
What is the greatest common factor of 1776 and 16?
16
What is the highest common factor of 2925 and 15?
15
Calculate the highest common factor of 2703 and 255.
51
Calculate the highest common factor of 345 and 75.
15
Calculate the greatest common factor of 228 and 36.
12
What is the highest common divisor of 10 and 530?
10
What is the greatest common factor of 49 and 392?
49
What is the highest common factor of 312 and 234?
78
Calculate the highest common divisor of 1 and 504.
1
Calculate the greatest common factor of 20 and 19720.
20
Calculate the greatest common factor of 495 and 432.
9
What is the highest common divisor of 2570 and 10?
10
Calculate the highest common divisor of 540 and 54.
54
Calculate the highest common divisor of 4 and 6044.
4
What is the highest common divisor of 291 and 4559?
97
What is the greatest common factor of 4 and 4?
4
Calculate the greatest common factor of 12 and 384.
12
Calculate the greatest common factor of 28 and 518.
14
Calculate the greatest common divisor of 60 and 12.
12
Calculate the highest common divisor of 187 and 176.
11
What is the highest common factor of 10 and 8260?
10
Calculate the highest common divisor of 396 and 88.
44
What is the greatest common divisor of 169 and 13?
13
What is the greatest common factor of 504 and 45?
9
Calculate the greatest common factor of 54 and 414.
18
Calculate the highest common factor of 497 and 385.
7
What is the highest common factor of 2329 and 1037?
17
Calculate the greatest common divisor of 2725 and 125.
25
What is the highest common divisor of 388 and 12?
4
What is the highest common divisor of 63 and 351?
9
Calculate the greatest common divisor of 69 and 69.
69
What is the greatest common factor of 15 and 411?
3
What is the greatest common divisor of 4842 and 144?
18
Calculate the highest common factor of 1785 and 20.
5
Calculate the greatest common factor of 36 and 9.
9
Calculate the highest common divisor of 630 and 84.
42
Calculate the greatest common factor of 41 and 123.
41
Calculate the highest common divisor of 90 and 22080.
30
Calculate the highest common divisor of 4386 and 153.
51
What is the greatest common divisor of 76 and 722?
38
What is the highest common divisor of 16 and 472?
8
Calculate the greatest common divisor of 3 and 307.
1
Calculate the highest common factor of 8 and 56.
8
Calculate the highest common divisor of 4 and 3980.
4
What is the greatest common factor of 22 and 2992?
22
Calculate the highest common factor of 3 and 1587.
3
Calculate the highest common divisor of 1444 and 2.
2
What is the greatest common factor of 16 and 21184?
16
What is the highest common divisor of 110 and 25?
5
What is the greatest common divisor of 146 and 8?
2
What is the highest common factor of 44 and 132?
44
What is the highest common factor of 75 and 2385?
15
What is the highest common factor of 627 and 33?
33
Calculate the greatest common factor of 960 and 45.
15
Calculate the greatest common factor of 3174 and 1104.
138
What is the highest common factor of 144 and 400?
16
Calculate the highest common factor of 141 and 752.
47
Calculate the highest common factor of 180 and 2340.
180
What is the highest common factor of 451 and 55?
11
What is the highest common factor of 45 and 80?
5
What is the highest common factor of 76 and 57?
19
What is the highest common divisor of 2278 and 5762?
134
What is the highest common factor of 2025 and 75?
75
Calculate the highest common divisor of 78 and 30.
6
Calculate the highest common divisor of 22 and 1111.
11
What is the highest common divisor of 1025 and 1925?
25
Calculate the highest common factor of 1 and 1427.
1
Calculate the greatest common factor of 43 and 32.
1
What is the highest common divisor of 60 and 770?
10
What is the greatest common divisor of 12 and 212?
4
Calculate the highest common factor of 304 and 48.
16
Calculate the highest common factor of 8 and 64.
8
What is the highest common factor of 11033 and 187?
187
Calculate the greatest common factor of 114223 and 17.
17
What is the greatest common factor of 9 and 252?
9
Calculate the highest common divisor of 10614 and 29.
29
What is the greatest common factor of 90 and 8505?
45
What is the highest common divisor of 462 and 9966?
66
Calculate the highest common factor of 24 and 492.
12
Calculate the greatest common divisor of 675 and 17100.
225
Calculate the greatest common divisor of 1640 and 287.
41
Calculate the highest common divisor of 405 and 45.
45
What is the greatest common divisor of 23 and 851?
23
Calculate the greatest common divisor of 24 and 248.
8
Calculate the greatest common divisor of 624 and 5408.
208
What is the greatest common divisor of 8340 and 60?
60
Calculate the highest common divisor of 18 and 10.
2
Calculate the highest common factor of 80 and 135.
5
What is the greatest common factor of 180 and 160?
20
What is the highest common factor of 13 and 13?
13
What is the greatest common divisor of 95 and 475?
95
Calculate the highest common divisor of 105 and 770.
35
What is the highest common factor of 2051 and 42?
7
What is the greatest common divisor of 527 and 17?
17
Calculate the highest common divisor of 49 and 63.
7
Calculate the highest common divisor of 32 and 1016.
8
What is the highest common factor of 255 and 46665?
255
What is the greatest common factor of 3864 and 168?
168
What is the highest common divisor of 24 and 732?
12
What is the greatest common divisor of 24 and 2124?
12
What is the greatest common divisor of 40 and 16220?
20
Calculate the greatest common divisor of 58 and 2842.
58
Calculate the highest common factor of 4 and 7.
1
What is the greatest common divisor of 18 and 6?
6
What is the highest common divisor of 675 and 378?
27
Calculate the greatest common factor of 6741 and 63.
63
Calculate the greatest common divisor of 170 and 595.
85
What is the highest common factor of 200 and 250?
50
Calculate the greatest common factor of 2863 and